8 = -4*f + n, n = 0. Let d = f - 5. List the prime factors of d.
11
Suppose -5*b + 2096 = 4*a, -2*b + 404 = -b - 3*a. Suppose 8*x = -0*x + b. List the prime factors of x.
2, 13
Let h = 66 + 47. What are the prime factors of h?
113
Let x be 4/(36/(-3))*0. Let y(l) = -l**2 + 0 - l + 3 + 4. List the prime factors of y(x).
7
Suppose 32 = -3*u + 4*u. List the prime factors of u.
2
Suppose 14 = -2*l - 6. Let t = l - -21. What are the prime factors of t?
11
Let a = 460 + -321. List the prime factors of a.
139
Suppose 0 = -2*x + 3*p - 14, -p = 2*x + 4*p + 14. Let h = 16 + x. List the prime factors of h.
3
Suppose -o + 5*o + 5*y - 31 = 0, o = y + 10. List the prime factors of o.
3
Let d be (-22)/(-8) - (-3)/12. Suppose -8*p + d*p + 50 = 0. What are the prime factors of p?
2, 5
Let c(s) = s**3 + 6*s**2 - s - 4. Let t be c(-6). Let m(n) = 7 + 11*n**2 - 5*n**2 - 6*n - 5*n**t. What are the prime factors of m(7)?
2, 7
Let x(o) = -o**2 - 10*o - 2. What are the prime factors of x(-7)?
19
What are the prime factors of (9/(-18))/(1/(-22))?
11
Let m be ((-36)/(-14))/((-2)/14). What are the prime factors of (-705)/(-135) + 4/m?
5
Suppose u - 6*u = 5*j + 70, -3*u + 2*j - 27 = 0. Let w(q) = 4*q + 4. Let x be w(-3). Let c = x - u. List the prime factors of c.
3
Let y = -153 + 163. List the prime factors of y.
2, 5
Let c = -67 - -125. List the prime factors of c.
2, 29
What are the prime factors of ((-15)/2)/((-9)/66)?
5, 11
Let n = -15 - -38. What are the prime factors of n?
23
Let l(b) = -b**3 - 4*b**2 - 14*b + 6. What are the prime factors of l(-6)?
2, 3
Let w(f) = f**2 - f - 6. What are the prime factors of w(-5)?
2, 3
Suppose 4*r + 0*r - 151 = -m, r + 2*m = 43. What are the prime factors of r?
37
Let u(v) be the third derivative of 1/3*v**4 - 1/60*v**5 + 0 + 0*v + 2*v**2 - 1/6*v**3. What are the prime factors of u(6)?
11
What are the prime factors of (-5 + -16)*(-28)/12?
7
Suppose -5*o + 4*o + 13 = 0. List the prime factors of o.
13
What are the prime factors of (0 + 4 - 6)*-2?
2
Let z be (63/14)/((-1)/(-2)). What are the prime factors of ((-232)/12)/((-6)/z)?
29
Let c(a) = a**3 - 5*a**2 + 6*a - 5. What are the prime factors of c(4)?
3
Let q = 16 - 10. Suppose 3*w - q = 15. List the prime factors of w.
7
Suppose -7 = 3*b - 4*r + 6, 4*r - 16 = 4*b. Let o(v) = -v**3 + 2*v**2 + 3*v - 2. List the prime factors of o(b).
2, 17
Let w = -132 - -237. What are the prime factors of w?
3, 5, 7
Let h be 0 + ((-3)/(-3) - -2). Let s be (-1240)/(-15) - 2/h. Suppose 5*v - c = v + s, -5*v + 96 = 2*c. List the prime factors of v.
2, 5
Suppose 0*u = 2*u - 8. Suppose 2*q = -l - 53 + 18, u*q - 2*l = -82. Let b = q + 33. List the prime factors of b.
2, 7
Let y be 2/(-3) + (-867)/9. Let o = 136 + y. Let v = -21 + o. List the prime factors of v.
2, 3
Suppose l - 138 = -2*l. What are the prime factors of l?
2, 23
Let v = -1 + 5. Suppose 3*i + 2*i = 4*m + 27, 2*i = v*m + 6. List the prime factors of i.
7
Suppose s + 0 - 4 = 0. Suppose 7*b - s*b = 27. List the prime factors of b.
3
Suppose c + 336 = 3*s, 3*c + 686 = 4*s + 233. List the prime factors of s.
3, 37
Suppose -2*f = 2*c - 3*c - 2, -5*f = 4*c - 18. Suppose q + 14 = f*k, 8*k - 22 = 4*k - q. Suppose m = 3*m - k. List the prime factors of m.
3
Let i = 69 + -37. What are the prime factors of i?
2
Suppose -1 - 3 = -i. Let l(z) = i*z + 0*z + z**2 - 3*z - z**3. List the prime factors of l(-2).
2, 5
List the prime factors of 9/15 + (-1002)/(-30).
2, 17
Let v(h) = -h - 5. Let c be v(-9). Let b = 4 - 2. What are the prime factors of b/c - (-6)/4?
2
Let x(v) = -2*v + 4. Let d be x(3). What are the prime factors of ((-12)/20)/(d/30)?
3
Let r(u) = -3 + 10*u - 23*u + 10*u + u**2. List the prime factors of r(-3).
3, 5
Suppose -43 - 53 = -4*t. What are the prime factors of t?
2, 3
Suppose 5*n - 5 - 5 = 0. List the prime factors of 9/n + 3/6.
5
Let r = -21 + -22. Let u = 15 + r. What are the prime factors of (-21)/u - 9/(-4)?
3
Let v = -74 - -146. Let i = -51 + v. What are the prime factors of i?
3, 7
Let y(d) = -2*d - 1. Let b be y(-2). Suppose -29 = -b*j + 10. What are the prime factors of j?
13
Suppose 4*f = -2 - 6, -3*s = 4*f - 148. List the prime factors of s.
2, 13
Let i = -5 - -8. Let p be (-1)/(2/6*i). What are the prime factors of -1*(11 - 1)*p?
2, 5
Let a = 13 + -7. What are the prime factors of a?
2, 3
Suppose -w + 7 = -0*w + z, -19 = -5*w - z. Suppose p + 5*v - 14 - 13 = 0, -v + 109 = w*p. What are the prime factors of p?
37
Suppose 0*x - 2*x + 4 = 0. Suppose -1 - 15 = 4*h, x*a - 3*h = 192. What are the prime factors of (a/12)/((-3)/(-4))?
2, 5
List the prime factors of 65/7 + (-14)/49.
3
Suppose -4*l = 3*o - 20, 0 = o + 4*l - 22 + 2. Suppose 0 = 2*w - o - 2. Suppose n = -3, -17 = -5*x + 2*n - w. What are the prime factors of x?
2
Suppose -5*u - 235 = -10*u. Let j = u + -27. What are the prime factors of j?
2, 5
Suppose 0 = c + 5 + 7. Let h = c - -25. List the prime factors of h.
13
Let k be 0/(-1*2) + 5. Let m(x) = -x + 7. Let p be m(8). Let v = p + k. What are the prime factors of v?
2
Let j(r) = r**2 + 3*r - 1. Let a(v) = v**3 - 2*v. Let k be a(-2). Let h be j(k). Suppose -4*g + 46 = -h*i, -g - i - 42 = -5*g. List the prime factors of g.
2, 5
Let r = 9 + -5. Suppose 3*v - 120 = -r*z + 7*v, -2*z + 64 = 2*v. List the prime factors of z.
31
Let u(s) = 83*s**3 - 10*s**2 + 13*s + 4. Let a(o) = -55*o**3 + 7*o**2 - 9*o - 3. Let c(x) = 7*a(x) + 5*u(x). What are the prime factors of c(1)?
2, 3, 5
Let h be (-1 + (-6)/3)*-1. Suppose f + 9 = -h*y + 35, -f - 14 = -2*y. What are the prime factors of y?
2
Suppose -3*c + 3*f + 117 = 2*f, 4*c = -f + 149. What are the prime factors of c?
2, 19
Suppose -122 = -4*n + 574. List the prime factors of n.
2, 3, 29
Let f = 8 - 4. Suppose 4*b + 2*c = 3*c + 6, -5*b = f*c - 18. Suppose 0*y - b*y + 20 = 0. List the prime factors of y.
2, 5
Let d = -6 + 7. Let a be (7/3)/(d/12). List the prime factors of (-26)/(-8)*a/7.
13
Let u(l) = 153*l**2 - 2*l + 3. What are the prime factors of u(1)?
2, 7, 11
Let b(c) = -2 - 2*c - 2*c + 3*c - 2*c. What are the prime factors of b(-4)?
2, 5
Suppose 2*q - 10 = -4. Suppose -5*f - 4*r = -109, q*r + 70 = 2*f - 2*r. List the prime factors of f.
5
Let j(l) = -65*l. List the prime factors of j(-3).
3, 5, 13
Let g(v) be the second derivative of v**4/6 - v**3 - 3*v**2 + 6*v. List the prime factors of g(6).
2, 3, 5
Let l be 9*1 + -3 + 3. Let g = -9 + l. List the prime factors of ((-24)/(-15) - g)*10.
2
What are the prime factors of (-14)/35 - 634/(-10)?
3, 7
Let w = -2 - -4. Suppose 4*n = 5*q - 30, -5*q + 30 = -w*n + n. Let c(g) = 2*g + 3. What are the prime factors of c(q)?
3, 5
Let t(f) = 4 + f**2 + f**3 - 1 - 4*f**2 - 4*f. Let v be t(4). Suppose -v*s + 14 = c, s + 2*c - 11 = 2. List the prime factors of s.
3
List the prime factors of (-214)/(-3) + 18/27.
2, 3
Let v = 1 - 2. Let g = v + 7. What are the prime factors of g?
2, 3
Let q = 5 + 0. Let p(y) = y**2 - 4*y - 1. What are the prime factors of p(q)?
2
Let u be 7 + -4 - (-1 + 2). Suppose m = u - 3, 4*m - 14 = -2*j. What are the prime factors of j?
3
Let s(a) = -a**2 + 4*a + 1. Let i be s(-2). Let v = -3 - i. What are the prime factors of v?
2
Suppose -3*g - 2*g = -20. Suppose -4*y + g*l = -376, 0 = -3*l + 3. Suppose -3*x + y = 2*x. What are the prime factors of x?
19
Let v be -4 - (-9)/(1 - 0). Suppose z - 33 = -10*k + 5*k, 3*z - 39 = -v*k. What are the prime factors of k?
2, 3
Let r = 12 - 7. Let j(u) = u**3 - u**2 + 4. Let y be j(0). Suppose -3*b + 0 = -z + r, 2*z - y*b - 12 = 0. List the prime factors of z.
2
Let t = -2 - -1. Let w = 1 - t. Suppose 0 = w*h + 6, 3*h + 19 - 4 = o. List the prime factors of o.
2, 3
Let j = 58 + -5. List the prime factors of j.
53
Let m(t) = t**3 - 6*t**2 + 4*t + 4. Let i be m(5). Suppose -l + 3*g + 15 = l, -3*l - 4*g = 3. Let p = l + i. What are the prime factors of p?
2
Suppose 3*o - 38 - 18 = -4*v, 13 = 3*v - 5*o. Suppose 2*u + v = 103. List the prime factors of u.
2, 23
Suppose 4*i + 0*i + 3*b = 23, -i + 4*b = 18. Suppose 0 = -z + 3*y + 15, 3*z = 3*y + y + 20. Suppose x - i = -z*x. List the prime factors of x.
2
Suppose 232 = 4*q - 3*q. List the prime factors of q.
2, 29
Let a be (-12)/30 - 178/5. List the prime factors of 25/9 - 8/a.
3
Let p = -175 - -271. List the prime factors of p.
2, 3